 + 34/30. Let f(b) = 230*b**3 + b**2. Let v be f(x). Suppose t + 44 = v. Is t prime?
False
Suppose -5 = -2*f - 33. Let c = -10 - f. Suppose 285 = -0*r + r + 5*d, c*r = 3*d + 1186. Is r a prime number?
False
Suppose 5*p = -5*f + 3225, -3*f - 3*p + 1929 = -2*p. Let b = 143 + f. Is b a composite number?
True
Suppose 2*x + 7*o = 3*o + 10, 0 = o - 1. Suppose -159 = s - 3*b - 583, x*b = 3. Is s a composite number?
True
Suppose 4*y + 56 = -4*k, 0 = 5*y + 25. Let r = 11 + k. Suppose -2*j + 5*w = -55, 0 = -5*w + r*w + 9. Is j a prime number?
False
Let m be ((-3)/6)/(1/(-6)) - -2. Suppose j - 3124 = -m*i - 2*j, 0 = -3*i + 3*j + 1860. Is i a prime number?
False
Let j(n) = 35*n - n**2 - 73 + 42 + 46. Is j(18) a composite number?
True
Suppose -3*l - 517 = g, 2*g = -g - 12. Let x = -293 - -793. Let h = l + x. Is h prime?
False
Let b(k) = -772*k - 2. Let q be b(-1). Suppose -4*z - 2*a = -1370, 2*a = 3*z - 0*a - 1045. Suppose 5*v - q = z. Is v a prime number?
True
Suppose 4*w = -w - 5*h - 11980, -3*w - 2*h - 7183 = 0. Is (-56)/84*w/2 composite?
False
Suppose -10*t + 106 = -8*t. Let l be (1 - 6)*(-240)/50. Let r = l + t. Is r prime?
False
Let l = -19 - -22. Is (6/l)/((-2)/(-19)) a composite number?
False
Let p(q) = -q - 8. Let j be p(-8). Let f be ((-1)/(-2) - j)*7530. Is 2/(-12) + f/18 composite?
True
Let q = 122 - 146. Is (-3)/9 + (-11264)/q composite?
True
Suppose 0 = -5*n - 2*k + 15, -2 = 4*n + 2*k - 16. Suppose -q = -3 + n. Suppose 3*r + 242 = z - 2*r, 409 = q*z + 5*r. Is z a prime number?
False
Let y(w) = 24*w - 2. Let t(i) = 22*i - 3. Let n(j) = 3*t(j) - 2*y(j). Is n(9) composite?
False
Let z = 7057 + -4874. Is z composite?
True
Let o(b) = -b**3 - 2*b**2 + b + 3. Let v be o(0). Suppose w + 2099 = 2*w - 2*q, -6297 = -v*w + q. Is w a composite number?
False
Let n(i) = -77*i - 10. Is n(-9) a composite number?
False
Suppose -j - 2*p + 4 = 0, -3*j + 3*p - 8 = -p. Suppose 0 = -d - 1, j = 4*t - t - d - 754. Is t a composite number?
False
Let j be (8 - (-4 - 4))*17/2. Suppose 4*g - 593 = -5*l, 0 = l + 3*g - 8*g - j. Is l a composite number?
True
Let j = -1596 + 2389. Suppose -5*h - j = -2528. Is h composite?
False
Suppose 2*y + 129 = -c + 5*y, 4*y = 2*c + 266. Let f = 1498 - c. Is f composite?
True
Suppose -a + 2*q + 541 = 2*a, -2*q + 712 = 4*a. Let w = a + 200. Is w a prime number?
True
Is (-9)/(-81) + 1238268/54 a prime number?
False
Let y(b) = 11*b**2 - 14*b - 21. Let i = -28 - -12. Is y(i) a composite number?
False
Let u = 2952 + -1724. Suppose 0 = -5*m + 9*m - u. Is m a composite number?
False
Suppose 1591 = -2*t + 3*t + 2*s, 2*s = -6. Is t a prime number?
True
Suppose i = -n - i + 29, -3*n + 47 = -2*i. Suppose -n*f + 1939 = -18*f. Is f a prime number?
False
Let n = -45125 + 86988. Is n a prime number?
True
Let i(l) be the third derivative of 0*l + 3*l**2 - 1/120*l**6 + 0 - 1/6*l**3 - 7/60*l**5 + 1/4*l**4. Is i(-8) composite?
True
Suppose 5*l - 34 = -9. Is 633/l - 2/(-5) prime?
True
Let b(o) = -2*o - 6. Let k be b(-4). Suppose 0*p + 4*a + 15 = p, p - 9 = k*a. Suppose p*t = 2*t + 181. Is t composite?
False
Let z(u) be the first derivative of 4*u**3/3 + 5*u**2/2 + 7*u - 4. Let l be z(-6). Suppose -6*j + l = -173. Is j a composite number?
True
Suppose -3*x = -6*x + 90. Is (-20)/150 - (-14974)/x a composite number?
False
Is 14346/30 + (-40)/(-50) a composite number?
False
Let y = -363 - -5549. Is y prime?
False
Suppose 0 = -2*m + 2*g + 35734, 5*g + 12831 = 2*m - 22915. Is m a composite number?
False
Suppose -5*p + 275 = -100. Suppose -n = -x + 1, n - 7 - 7 = -4*x. Suppose -27 - p = -n*j. Is j prime?
False
Let m(d) = 38*d**2 - 29*d + 170. Is m(15) prime?
False
Is (534773/23)/(0 - 1/(-2)) prime?
False
Is (-238117)/22*(-10)/5 composite?
False
Let r be -4 - 2308*3/(-2). Suppose -1373 = -j - 3*z, -4*j = -5*z - 1966 - r. Is j a prime number?
True
Let i be -2 - -6 - (378 + -3). Let c = 912 + i. Is c a prime number?
True
Suppose 4*n = 3*v + 4876, -2*v - 4043 + 783 = -5*n. Let c = -109 - v. Is c a prime number?
True
Let a = 60 + -66. Let q be -1*(-3)/6*-4. Is (-9)/a - 263/q prime?
False
Let l(z) = 2*z**3 + 3*z**2 - 22*z + 55. Is l(18) a prime number?
False
Let u be (20/(-8))/((-5)/4). Suppose -3*f - u*f - r = -1051, 5*f - 4*r - 1071 = 0. Is f composite?
False
Is -2*47768/(-48) + 4/6 composite?
True
Suppose 43 = 2*w + 31. Suppose 0 = g - w*g + 5405. Is g composite?
True
Let p = 43 - 45. Is (4 + p)/(-1) + 1263 prime?
False
Suppose 1 = 4*q - 7. Let y be (-1 + q)/((-4)/(-16)). Is 0/((-8)/y) - -263 a prime number?
True
Let l(g) = g**3 + 13*g**2 + 3. Let b be l(-13). Suppose -5*w - b*w + 4136 = 0. Is w prime?
False
Let z(x) = -115*x**3 + x**2 + 4*x + 17. Is z(-3) a composite number?
False
Let g = -78 - -9. Let i = 670 - g. Is i prime?
True
Suppose 18780 = 5*b - 5*c, -2*b = -4*c + 9*c - 7547. Is b prime?
True
Let c = -191 + 402. Is c prime?
True
Let c(z) = 19*z + 29. Let i(g) = -10*g - 15. Let s(t) = 6*c(t) + 13*i(t). Is s(-20) a composite number?
True
Let l = 24126 + -8267. Is l a prime number?
True
Let r(i) = 7*i**3 + i**2 - 9*i + 111. Is r(10) a prime number?
True
Let t(q) = -q - 1. Let b(y) = 91*y + 9. Let m(f) = b(f) + 2*t(f). Is m(8) prime?
True
Let p be (-5)/5*613*-1*1. Let l = 1304 - p. Is l prime?
True
Let b be (-4)/1 - 267/(-3). Suppose 2*k - b = 73. Is k a prime number?
True
Let s(c) = -68*c + 2. Let y be s(-1). Let t = y + 21. Is t prime?
False
Let x = 8 + -7. Is 123*(5 - (3 + x)) a prime number?
False
Let b = -74 + 87. Suppose -b*z = -3*z - 850. Is z a composite number?
True
Let t be (-6)/(-4) - (-3020)/8 - 1. Suppose -t = -d - 4*h, -2*d + 760 = -3*h + 7*h. Is d a prime number?
False
Let d(g) = -33*g - 63. Let o(j) = 8*j + 16. Let w(u) = -4*d(u) - 15*o(u). Let l be w(-8). Is (-7 - -6) + l/(-1) a prime number?
True
Suppose 17*o - 13*o = 12, -p + 4*o = -11389. Is p a composite number?
True
Suppose -2*l + 0*l + b + 1809 = 0, 4*b = 5*l - 4515. Let g = 771 + l. Is g composite?
True
Let v(w) = 7*w**2 + 16*w - 26. Let h(y) = y**2 - 11*y + 21. Let a be h(10). Is v(a) a prime number?
True
Let b(x) = 3*x**3 - 11*x**2 + 9*x + 5. Let o be b(8). Let m = 2642 - o. Is m prime?
True
Let a be 0 - (-3 - (-2 + -3)). Is -3 - (6 + 0)*24/a a prime number?
False
Let c(g) = 2864*g**2 + 15*g - 2. Is c(3) a prime number?
True
Let o = 3 - 0. Suppose -3*m + 4*m + 67 = o*n, 0 = -5*n + 2*m + 112. Suppose z = 3*z - n. Is z composite?
False
Suppose 4*d - 4 = -5*k, 5*d - 5 = -4*k - 0*d. Suppose k = s + u - 464, -938 = -2*s + 4*u - u. Is s composite?
True
Let k(l) be the second derivative of l**7/2520 + 11*l**6/720 + l**5/15 - l**4/4 + 5*l. Let m(f) be the third derivative of k(f). Is m(-13) prime?
False
Let v(z) = -3*z - 67. Let f be v(-23). Suppose -68 - 30 = -f*m. Is m composite?
True
Let l = 146 - -150. Let k = 11 - 7. Suppose -k*w + 1036 = l. Is w a prime number?
False
Let l = -7606 - -12735. Suppose -l = -f - 2*f + w, 5*f - 8551 = 3*w. Is f prime?
True
Let s(c) = c**2 - 6*c + 7. Let b be s(7). Let g = b - 6. Suppose -3*y = 3*w - 180, g*y - 4*y = 5*w - 291. Is w prime?
True
Suppose 5*z - 2038 = -3*q - q, 5*q - 2564 = 2*z. Suppose -5*h + 2470 = -2*c - c, -3*c = h - q. Is h prime?
False
Let f(g) = 137*g + 9. Let w = -34 + 37. Suppose -v + 4*b = 8, v = -w*b + 2*b + 7. Is f(v) a prime number?
True
Suppose 5*n - 5 + 20 = 0. Is (-11408)/(-6) + 1/n composite?
False
Let m(o) = o**3 + 6*o**2 + 9*o + 5. Let h be m(-3). Suppose 2*a = 4, 5583 = h*u + a - 2*a. Is u composite?
False
Let c(x) = -8*x**3 + 4*x**2 - 2*x**3 + 4*x**3 - 3 + x + 2*x**2. Is c(-4) a prime number?
False
Suppose 4*h = 5*h - 10. Suppose 7*s + 633 = h*s. Is s composite?
False
Suppose 25*l = 8*l - 10999. Is (l/2)/(18/(-36)) composite?
False
Let l = -35 - -40. Suppose l*s - 2605 = -2*d, -4*d - 1525 = -3*s + 38. Is s composite?
False
Let m = 14 + -9. Suppose h - 2*g = 2199, -m*h + 11047 = 3*g - 0*g. Suppose 2232 = 4*c - 4*i, -4*c + h = -0*c + i. Is c a prime number?
False
Suppose -2*v - t = -5641, -3*t - 12449 + 1182 = -4*v. Is v a composite number?
False
Suppose 5975 = 5*y - 6730. Suppose f + y = 3*v - 1830, 0 = f. Is v a composite number?
True
Let w = -912 - -1839. Let u = w - 168. Suppose f = 4*t - u, 2*t + 2*t - 4*f - 744 = 0. Is t a prime number?
True
Suppose -14398 = -2*p + 1896. Is p composite?
False
Let m be (5 + -4)*(11 + -1